+ 3892 - 1302. Calculate the remainder when x is divided by 11.
5
Suppose -436 = 8*k - 1764. Let i = -8 + 29. Calculate the remainder when k is divided by i.
19
Let x = -3140 - -5248. What is the remainder when x is divided by 12?
8
Calculate the remainder when 140 is divided by (-8)/((-96)/(-28)) - 223/(-3).
68
Suppose -483 = -9*h + 6*h. Suppose -2*n - 150 = -4*g, -4*n - 21 = 3*g - h. Suppose -g*y + 43*y = 84. What is the remainder when y is divided by 16?
12
Let o = 28456 + -28168. What is the remainder when o is divided by 95?
3
Suppose 21*r - 2*c = 16*r + 44, -59 = -5*r - 3*c. What is the remainder when 85 is divided by r?
5
Suppose 0 = f - 4*u - 282, 8*u - 7*u = -4*f + 1026. What is the remainder when 765 is divided by f?
249
Let x = 978 + -3423. Let l be 9/(-21) + x/(-21). Let j = l - 34. What is the remainder when j is divided by 21?
19
Suppose -2*a + 5*z + 15715 = -4*z, a - 3*z = 7844. Calculate the remainder when a is divided by 391.
388
Let j be (64/(-8) + 7)/((-2)/6). Suppose j*z - 179 = 5*p, 5*z + 4*p + 0*p - 286 = 0. Calculate the remainder when 205 is divided by z.
31
Suppose 5*v + 2*l - 7 = 1, 0 = -4*v - 4*l + 16. Let h be 4 + 1/(3 + -2) + v. What is the remainder when ((-1700)/8)/h*36/(-15) is divided by 27?
21
Suppose 1164 - 4476 = -36*j. Suppose -b = -0*b - 32. Calculate the remainder when j is divided by b.
28
Suppose 225 = 2*o + 5*a, -24*o + 519 = -19*o - 2*a. Calculate the remainder when o is divided by (-1 - 21/(-9))/(4/36).
9
Suppose 0 = -3*x - 1 + 25. What is the remainder when 1421 is divided by x?
5
Let q be (-3)/15 + (-10)/(-50) + -195. Let b = 237 + q. Calculate the remainder when b is divided by 28.
14
Suppose -4*f - 5*m - 45 = -f, -8 = 2*f - 4*m. Let d = f - -14. Suppose 4*z = 2*c + 100, -110 = -d*z - 5*c + 2*c. Calculate the remainder when z is divided by 9.
8
Let b(h) = -6*h**2 - 2*h + 3. Let p be b(1). Calculate the remainder when (6/2)/(2/12) is divided by (3/p - -1)/((-8)/(-220)).
7
Let z be 228/(-2)*(-13)/234*9. Let j = -10 + 14. Suppose v + 0*i - z = -j*i, -2*v + 5*i = -62. Calculate the remainder when v is divided by 13.
2
Suppose -5*o + 2*z - 6096 = -31059, -5*o = 3*z - 24968. What is the remainder when o is divided by 1247?
5
Calculate the remainder when 2 + (-26)/10 + (-71)/(2485/(-17696)) is divided by 10.
5
Let i = -171 + 178. Suppose -3*u = -4*t + 11, 0 = -5*t - 5*u + 1 + 4. Suppose -g + 35 = b, g = t*b + 25 + 4. What is the remainder when g is divided by i?
5
Let g(m) = -m**2 + 29*m - 30. Let y be g(5). What is the remainder when 69/((12/70)/(72/y)) is divided by 17?
16
Suppose 55*o - 100*o + 84870 = 0. What is the remainder when o is divided by 17?
16
Let b = -658 - -690. What is the remainder when 189 is divided by b?
29
Let w = -2012 - -2054. Let v(k) = 20*k**2 + 5*k - 4. Calculate the remainder when v(-3) is divided by w.
35
Suppose 0 = -4*u - 52 + 12. Let c be (2 - -2) + u/10. Suppose 0 = c*d + 3*z - 54, -33 - 20 = -3*d - 2*z. What is the remainder when d is divided by 7?
3
Let t(q) be the second derivative of 5*q**3/3 + 11*q**2 + 56*q. Calculate the remainder when t(10) is divided by 67.
55
Let h = 280 - 274. Let c = -65 + 68. Calculate the remainder when (c - 2 - 2) + (-120)/(-4) is divided by h.
5
Let b = 148 + 303. Let v = b + -96. Calculate the remainder when v is divided by 60.
55
Suppose 0 = 5*s - 4*h - 82, -12 = 3*s + 2*h - 48. Let c(m) = 5*m**2 - 6*m + 7. What is the remainder when c(3) is divided by s?
6
Suppose 658 - 24426 = -5*a + 3*m, 18970 = 4*a + 5*m. Calculate the remainder when a is divided by 54.
52
Suppose -13*w = 8*w + 3*w - 11928. What is the remainder when w is divided by 32?
17
Let g = 687 - 553. Suppose -128*b = -g*b + 1326. Calculate the remainder when b is divided by 75.
71
Suppose 92*d - 91*d = 8. Suppose -25*u = d - 833. Calculate the remainder when 94 is divided by u.
28
Let p = -5 + 27. Suppose -3*k + 5*g + 146 = 46, 4*g = 2*k - 70. What is the remainder when k is divided by p?
3
Suppose -2 = 7*j - 9. Let r(d) = 9*d - 3. Let k be r(j). Suppose -4*s - 154 = -k*s. Calculate the remainder when s is divided by 20.
17
Suppose -3*s - 75 = -5*s + 3*y, 15 = 3*y. What is the remainder when s is divided by (-25)/2*25/(150/(-12))?
20
Let x(t) = -t**3 + 16*t**2 - 15*t - 71. Let i be x(14). Suppose 2*n = 4*d + 74, -4*d - i = 13*n - 16*n. Calculate the remainder when 105 is divided by n.
31
Let b(k) = k**3 - 29*k**2 + 29*k - 22. What is the remainder when 353 is divided by b(28)?
5
Let v(z) = -z**3 - 22*z**2 + 44*z - 61. What is the remainder when v(-24) is divided by 20?
15
Let g(m) = m**2 - 77*m + 955. What is the remainder when (117/12)/(4/112) is divided by g(15)?
23
Let y(l) = 5*l**2 - 1. Calculate the remainder when 8 - (-2)/(-10)*5*3 is divided by y(-1).
1
Let q = 12112 - 11998. What is the remainder when 267 is divided by q?
39
Suppose -3*t - 3 = 3*d - 0*d, 4*d + 3 = -5*t. Let n = 6 + t. Calculate the remainder when n is divided by 8 - (3 - 5) - 5.
2
Let m = -352 - -357. Let r(l) = l + 17. What is the remainder when 131 is divided by r(m)?
21
Let i(o) = o + 5. Let s(j) be the second derivative of j**4/12 - j**3/3 - 9*j**2 - 40*j. What is the remainder when s(-5) is divided by i(5)?
7
Let a be -4 + (0 - -4) + -2. Let x be 9 + a - 4 - -2. Suppose 5*c = 3*c - x*p + 20, -92 = -4*c + 3*p. Calculate the remainder when 57 is divided by c.
17
Calculate the remainder when -7 - 3/((-1920)/(-215) - 9) is divided by 19.
17
Suppose -12*d - 11 = 1. Let b be (-37 - d) + 16/(7 - 3). Let z = b - -180. Calculate the remainder when z is divided by 15.
13
Calculate the remainder when 66 is divided by (32 + -74)*(-30)/21.
6
Let o = -28 - -57. Suppose -7 = -7*y + 539. Suppose 0 = 2*l - 10, -y = -2*b + 2*l + 20. Calculate the remainder when b is divided by o.
25
Suppose 5*w = -4*q + 156 + 51, 0 = 5*w + q - 198. Let d = -19 - -29. Calculate the remainder when w is divided by d.
9
Suppose 4*t - 8*t = -204. Let c = t + -30. What is the remainder when 164 is divided by c?
17
What is the remainder when 1819 + -355 + 1 + -10 is divided by 20?
15
Let h be (-450)/(-60)*1/(-3)*190. Let s = h - -507. What is the remainder when 84 is divided by s?
20
Let t(s) = -11*s. Let w = 8928 - 8911. What is the remainder when t(-4) is divided by w?
10
Suppose -k + 5*p = -32, -1 = 4*k + 3*p - 60. What is the remainder when 87 is divided by k?
2
Let k(a) = -234*a - 1406. Calculate the remainder when k(-16) is divided by 45.
43
Let s = 3076 + 2187. Calculate the remainder when s is divided by 13.
11
Let t = 9 - 90. What is the remainder when t*(84/(-18) + 4) is divided by 18?
0
Suppose -9*h = -4*h + 5*n - 570, 0 = -2*h + 3*n + 233. Suppose 11*b - 540 = -67. Calculate the remainder when h is divided by b.
29
Suppose 3*j + 147*b - 185 = 152*b, -2*j = -3*b - 123. What is the remainder when 957 is divided by j?
57
Suppose 0*s + 5*s - 95 = 0. Let t = -764 + 827. Suppose -t = -6*k - 3*k. Calculate the remainder when s is divided by k.
5
Suppose 17574*s - 17578*s = -3196. Calculate the remainder when s is divided by 252.
43
Let a(h) = -h**3 + 8*h**2 + 12*h - 9. Let z(s) = s**2 - 9*s + 3. Suppose -g + 2*u = 0, g - 15 = -0*g - u. What is the remainder when a(9) is divided by z(g)?
5
Suppose -253*a = -358*a + 2205. Calculate the remainder when 164 is divided by a.
17
Let i = -3190 + 3212. Calculate the remainder when i is divided by 14.
8
Suppose 6*t + 60*t + 143*t = 16302. Calculate the remainder when 1088 is divided by t.
74
Suppose -249 + 639 - 2841 = -43*t. Calculate the remainder when 111 is divided by t.
54
What is the remainder when 410 is divided by (23/2)/(192/2688)?
88
Suppose 2*l - 219*j + 222*j - 1001 = 0, -3*l - 2*j = -1514. Calculate the remainder when 1025 is divided by l.
9
Let a(c) be the third derivative of c**5/60 - 7*c**4/24 - 47*c**3/6 + 4*c**2 - 4*c. Let s = 155 - 91. Calculate the remainder when s is divided by a(12).
12
Let t = -600 - -598. What is the remainder when (-260 + -17)*t/2 is divided by 20?
17
Suppose 59*a + 13*a = -a + 3358. Let m = 32 - 25. Calculate the remainder when a is divided by m.
4
Let g(k) = k**3 + 10*k**2 + 6*k - 1. Let q be -6 - (-12 + 3) - 22/2. Let h be g(q). Suppose 20 = -75*b + h*b. What is the remainder when 18 is divided by b?
3
Let h(w) = w**2 - 15*w - 281. Calculate t